Let b(w) = -1 - 3*w - 3*w - 7*w. Calculate b(k).
-14
Let y = -2 - -5. Suppose 0 = -2*m, -2*m + 0*m - 24 = y*v. Let n be 34/v + (-4)/(-16). Let w(i) = i**2 + 4*i + 2. What is w(n)?
2
Let h = -2 - -4. Let a(k) = 1 + k**2 + 8 - h - 2 - 6*k. Let d be a(6). Let t(r) = -r**2 + 5*r - 4. What is t(d)?
-4
Suppose -y - 4 = -4*j, 4*y = -5*j + 11 - 6. Let x be (y/4)/(-2 + 0). Let c = x - 0. Let i(z) = -z**3 + z**2 + z - 5. Determine i(c).
-5
Let r(p) = 0*p**2 - 4*p**2 - p**3 + 8*p - 12*p + 1. Let k(u) = -u**3 - u**2 - u - 2. Let m be k(0). Let y be (-12)/(-4)*m/2. Give r(y).
4
Let j(q) be the second derivative of q**5/20 + 5*q**4/12 - 3*q**2 + q. Calculate j(-5).
-6
Let d(i) = 4 - i**2 - 31*i + 15*i + 16*i. Suppose x - 7*m = -2*m - 5, m = 0. Let v = 2 + x. Determine d(v).
-5
Let o(r) = 4 + 10*r + 2 - 4 - 1. What is o(-1)?
-9
Let v = -15 - -35. Suppose 25 = -5*t, 4*h - v = -h + 3*t. Let f(z) be the second derivative of z**5/10 - z**4/12 + z**3/6 + 3*z. Determine f(h).
2
Let b(k) = -7*k + 1. Let l(w) = 13*w - 1. Let r(v) = -11*b(v) - 6*l(v). Suppose 4*q - 3 = 5. Let o = q + -2. Calculate r(o).
-5
Let g(b) be the first derivative of -2 + 3/2*b**2 + 0*b. What is g(-1)?
-3
Suppose 0 = -6*z + z + 10. Let y(u) = -3 + 1 - z - u. Suppose -3*q = 2*q + 20. Determine y(q).
0
Let b(c) be the first derivative of 6 - 1/2*c**2 - 10*c. Calculate b(-7).
-3
Suppose 0 = -4*j + 6*j. Let o(x) = -2*x**2 + 4*x + 7. Let l(h) = -4*h + 4 + h**2 + h - 10. Let g(v) = 3*l(v) + 2*o(v). Give g(j).
-4
Let n(d) = -d**3 - 4*d**2 + 4. Suppose -4*f = 3*m + 19, 2*f - 4*f - 4*m - 12 = 0. Give n(f).
4
Let t(m) be the first derivative of 3/2*m**2 + 0*m + 1/3*m**3 + 5. Let v(c) = c**2 + 5*c + 3. Let p be v(-3). Give t(p).
0
Let n(r) = 4*r - 2. Let j(i) = -i + 1. Let t(k) = 3*j(k) + n(k). Give t(0).
1
Let q(c) be the first derivative of -c**3/3 - 5*c**2/2 - 3*c + 2. Suppose -v = k - 1, -v + 5*v - 2*k + 20 = 0. Determine q(v).
3
Let l(z) be the third derivative of z**5/15 + z**4/6 + z**3/2 + z**2. Let p be (2 - 1)/(4/(-8)). Give l(p).
11
Let i(f) = -11*f + 1. Suppose 3*v + 6 - 3 = 0. Give i(v).
12
Suppose 6 = 3*l + 3. Let k be (1*54)/(l + 1). Let z(i) = -k + 7*i - i**2 + 27. Determine z(6).
6
Let a(w) = 2*w - 3. Let z(i) = -i**3 - 3*i**2 + 4*i + 6. Let v be z(-4). Determine a(v).
9
Let z(p) = p**3 - 2*p**2 - 5*p + 4. Let o(g) = -2*g**3 + 5*g**2 + 11*g - 9. Let f(v) = -6*o(v) - 13*z(v). Calculate f(-3).
-4
Suppose 7*l + 2*l = -27. Let q(d) be the third derivative of -d**6/120 - d**5/15 - d**4/24 + d**3/3 - d**2. Calculate q(l).
-4
Let w(p) = 229 - 224 - 7*p - p**2 + 2*p**2. Let g = -7 - -12. Suppose -20 - 5 = -g*m. What is w(m)?
-5
Let g(j) = 7*j**3 - j. Let n(q) = -q + 8. Suppose -4*d + 15 = -d. Let z be (-2)/d - 37/(-5). Let o be n(z). Determine g(o).
6
Suppose -20 = -0*i + 4*i. Let t(c) = 2*c. Determine t(i).
-10
Let b be 2/3 - 46/6. Let g be ((-7)/(-2))/b*10. Let x(h) = -2*h - 1. Calculate x(g).
9
Let u(i) be the first derivative of -1/2*i**2 - i**3 - 5*i - 3 + 1/4*i**4. Determine u(4).
7
Let x(s) = -s + 4. Let t be 39/12 + 1/(-4). Suppose 5*a - 12 = -4*n, -9 = -t*a + a - 3*n. Determine x(a).
4
Suppose 0 = j + 3*j + 8, 0 = l - 3*j. Let k(y) = -20*y**3 - 2*y**2 + 3*y - 11. Let a(t) = 7*t**3 + t**2 - t + 4. Let g(u) = l*k(u) - 17*a(u). Give g(5).
-7
Let q(z) = -2*z - 2. Let t(s) = -2*s - 2. Let y(a) = 2*a**2 + 3*a. Let b be y(-2). Let j(f) = b*t(f) - 3*q(f). Calculate j(2).
6
Let i = -14 + 19. Let p(b) be the second derivative of 1/6*b**3 + 1/20*b**i - 1/12*b**4 - b + 0 - 6*b**2. Calculate p(0).
-12
Let p(s) = 1. Let o(h) = -h + 3. Let g(m) = o(m) - 4*p(m). Let u be (-1 - -2)*10/2. Suppose -v = 2*n - 3, 0*v + n - 7 = u*v. What is g(v)?
0
Let v(k) = 1. Let r(n) = -n - 2. Let u(h) = 2*r(h) + 3*v(h). Give u(3).
-7
Let j = -16 + 13. Let a(y) = 3*y**2 - 15*y - 5. Let z(i) = -2*i**2 + 8*i + 3. Let f(s) = j*a(s) - 5*z(s). What is f(-6)?
6
Let v(m) = m + 8. Let t(n) = -4*n**2 + 7*n + 1. Let f be t(3). Calculate v(f).
-6
Let p(c) be the third derivative of 0*c**3 + 0*c + 1/20*c**5 + 1/24*c**4 + 0 - c**2. Let w = 1 + 0. What is p(w)?
4
Let g(r) = r**2 + r. Suppose -5*u + 14 = 2*o, -2*o + 0 = u + 2. Calculate g(o).
6
Let k(o) = o**2 - 2*o - 2. Let c be (-1)/(-4)*1*12. Suppose c*x = 4*x - 3. Determine k(x).
1
Let n(h) = -h**2 + 17. Let z be (0/(-1))/(-4 + 6). Calculate n(z).
17
Let f be (-3)/(3/(-2)*-1). Let w(c) = 1 + 9*c + 7 + 2 - 3. Let r(k) = -19*k - 15. Let q(s) = 4*r(s) + 9*w(s). Calculate q(f).
-7
Let s(x) = -3*x + x**3 + 0*x - x**2 - 2 - 2*x**3 - 2*x**2. Calculate s(-2).
0
Let q(a) = -a**2 + 8*a - 5. Let y = 3 + 4. Calculate q(y).
2
Let h(o) be the second derivative of o**3/6 + 7*o**2/2 + 31*o. Let a be (-1)/((-2)/(-10))*1. Determine h(a).
2
Let z = 9 + -4. Let v(y) be the second derivative of -y**4/12 + y**3 + 9*y. Calculate v(z).
5
Let x = -7 + 11. Suppose -2*l + 13 = -5*a, -2*l + x = -2*a - 6. Suppose l*r - 9 = 5*n, r + 3*r + 31 = -3*n. Let b(s) = s**2 + s - 5. Determine b(r).
7
Let m(v) = v + 2. Let o be m(4). Let t(f) = -f**2 + 6*f + 1. Give t(o).
1
Let h(l) = -l**2 - 7*l - 3. Let c be h(-5). Let b(f) = 0*f - 2*f + 3 - c. Give b(5).
-14
Let b(k) be the first derivative of -k**4/8 - k**3/6 + 3*k**2 + 6. Let l(a) be the second derivative of b(a). Determine l(-2).
5
Let f(t) = 1 + 7 - 6*t - 8. What is f(-1)?
6
Let b be (3 + 2)/((-2 - -1) + 0). Let l(p) = -3*p + 0 - 4 - 1. Give l(b).
10
Let j(y) be the third derivative of 2*y**2 + 2/3*y**3 + 1/120*y**6 + 0*y + 0 - 1/20*y**5 - 1/12*y**4. Give j(4).
12
Let s(g) = -7*g**3 - 12*g**2 + 4*g + 10. Let x(h) = -5*h + 11*h**3 - 15 + 6*h**2 - h + 12*h**2. Let f(n) = 8*s(n) + 5*x(n). Calculate f(-6).
-7
Let f(p) = 2*p**3 - 3*p**2 + 2. Let a be (1*8/(-2))/(-2). What is f(a)?
6
Let b be (0 - (-12)/(-4)) + 5. Let v(o) = 6*o + o**b - 6 + 13 - 1. Determine v(-6).
6
Suppose 2*a = a - 1. Let d be a/(0 + 3/(-15)). Suppose -d*x - 15 = -0. Let h(s) = 2*s - 1. Determine h(x).
-7
Let f(c) be the first derivative of 0*c + 1/2*c**2 - 1/3*c**3 + 3 + 1/24*c**4. Let q(u) be the second derivative of f(u). Calculate q(-3).
-5
Let l(t) = -t**2 - 2*t - 3. Let i = -10 - -13. Let x be 0 - (3 - 2) - -6. Suppose x*k + 2*y + 4 = 0, 1 + 6 = k + i*y. What is l(k)?
-3
Let n(h) = 6*h. Let a be -1 - (0 + (3 - 3)). Determine n(a).
-6
Let h = 43 - 49. Let m(a) = a - 8. What is m(h)?
-14
Let g(w) = -2*w + 0 + w - 8 - 3. Calculate g(0).
-11
Let c(v) = -v. Let q be c(-2). Let t(m) = -1 + 13*m**3 + q*m**2 - m**2 + m**2 + 0*m**3. Determine t(-1).
-12
Let x(w) = w**2 - 7*w + 3. Suppose 20 + 0 = 4*d. Determine x(d).
-7
Let l(m) be the first derivative of 1 + 8*m + 1/2*m**2. Give l(-5).
3
Let h = 16 - 7. Let u(a) = 13*a - 3 - 1 - 11*a**2 - 5*a**2. Let x(i) = -4*i**2 + 3*i - 1. Let r(f) = h*x(f) - 2*u(f). Give r(1).
-4
Let q(t) = -3*t**3 + 11*t**2 - 13*t + 3. Let c(y) = -y**3 + 5*y**2 - 6*y + 2. Let p(r) = 5*c(r) - 2*q(r). Give p(-4).
4
Let y(g) = g + 7*g**2 + 319 + 0*g - 311 + g**3. Calculate y(-7).
1
Let t(w) = -w + 0*w**2 - 158 - w**2 + 157. Determine t(-4).
-13
Let l(x) = 3*x + 7*x**2 + 3*x + 1 - 6*x**2 - 3*x. Give l(-2).
-1
Suppose 2 = 3*m + 2*p, -5*m + 4 = -m + 4*p. Let c(n) = n**2 + 24*n + 3 - 24*n. What is c(m)?
3
Let r(w) = 2*w**3 - 82 - w - 3*w**3 + 81 - w**2 + 2*w**2. Give r(0).
-1
Let g(c) = 5*c**3 + 7*c**2 + 2*c + 3. Let k(a) = a**3 + a**2 + a + 1. Let m(u) = -g(u) + 4*k(u). What is m(-4)?
9
Let u(k) = 0*k - 4*k**3 - k + k**2 + k**3 + k**3 - 2. Give u(2).
-16
Suppose -3*v + 6*q - 2*q - 10 = 0, 5*v + 5*q + 5 = 0. Let n(s) be the second derivative of s**4/12 + s**3/3 + s**2/2 + 13*s. What is n(v)?
1
Suppose 3*y - 2*l = -10, 0*y + y - 25 = -5*l. Let n(t) = 3*t**2 - t**2 - 1 + y. Suppose -5*o + 7 = 2*g, 0*g - o = -5*g + 4. Give n(g).
1
Let l(p) = -2*p - 4. Suppose -j + 11 = 3*z + 1, -5 = z + 2*j. What is l(z)?
-14
Let u(g) = 11*g**2 + g - 1. Let c = -5 - -9. Let v = c - 3. Calculate u(v).
11
Let u(a) = -a**3 + 2*a**2 - 2*a. Let n be u(2). Let h(k) = -2*k - 5. Let j be h(n). Let v(l) = -1 + l + 2 - j*l. Determine v(1).
-1
Suppose -6*n = -3*n + 6. Let s(o) = 10*o + 2. What is s(n)?
-18
Let w be ((-12)/(-16))/(2/(-16)). Let u(l) = -2*l - 8. What is u(w)?
4
Let m(q) be the first derivative of -q**2/2 + 19. Give m(6).
-6
Let f(k) = -5 + k + 4 + 1. Determine f(1).
1
Let g = 42 + -40. Let k(a) = 